 the highest common factor of 1705935 and 4445.
35
What is the greatest common divisor of 11232 and 1628432?
208
What is the highest common divisor of 735 and 145503393?
147
Calculate the highest common factor of 12080784 and 25674.
2334
What is the greatest common factor of 16907 and 17055665?
583
Calculate the highest common divisor of 4 and 821158.
2
Calculate the highest common divisor of 353607 and 63444.
933
What is the highest common factor of 169179735 and 164?
41
Calculate the greatest common factor of 1526288 and 256.
16
Calculate the greatest common factor of 2713056 and 1886112.
5664
What is the greatest common factor of 19346661 and 11?
1
Calculate the highest common divisor of 23 and 331389428.
23
Calculate the greatest common factor of 160 and 765581280.
160
What is the highest common divisor of 5210124 and 182542?
1706
Calculate the highest common factor of 3830 and 2971314.
766
Calculate the highest common divisor of 134 and 1583067826.
134
What is the greatest common factor of 1460456 and 184?
8
What is the greatest common divisor of 38069479 and 63?
7
What is the highest common divisor of 5265 and 12269205?
1755
What is the greatest common factor of 120988235 and 170?
85
Calculate the greatest common factor of 10780 and 408093070.
5390
Calculate the greatest common divisor of 13035 and 536063.
11
What is the greatest common divisor of 10105 and 17795?
5
Calculate the highest common divisor of 9729 and 469959345.
9729
Calculate the highest common factor of 3 and 716122137.
3
Calculate the greatest common factor of 65 and 730105415.
65
Calculate the greatest common factor of 10261375 and 4.
1
What is the greatest common divisor of 88210 and 446?
2
Calculate the greatest common divisor of 26001 and 1700337.
321
Calculate the greatest common factor of 1972 and 706121.
29
Calculate the highest common factor of 218063625 and 123.
123
Calculate the highest common divisor of 2343 and 332057.
11
Calculate the greatest common divisor of 540432 and 6504624.
3888
What is the highest common factor of 369219 and 1725?
69
Calculate the highest common factor of 218 and 1124771.
109
Calculate the highest common divisor of 23490 and 94061007.
2349
What is the highest common divisor of 470658 and 51739?
1669
What is the greatest common factor of 233507644 and 38?
38
Calculate the highest common divisor of 63661 and 499577.
1079
Calculate the greatest common divisor of 496440 and 1110.
30
Calculate the highest common divisor of 285180 and 17700.
60
Calculate the highest common factor of 950 and 100446350.
950
What is the greatest common divisor of 496478 and 383528?
502
Calculate the highest common factor of 222756 and 6076940.
3908
Calculate the greatest common factor of 923610 and 2040.
510
What is the greatest common factor of 4129878 and 306?
102
Calculate the highest common divisor of 28303248 and 27094.
1426
Calculate the greatest common factor of 329174258 and 1990.
398
Calculate the highest common divisor of 171658284 and 196.
28
Calculate the greatest common divisor of 12 and 8361504.
12
What is the highest common factor of 818554 and 2523?
29
Calculate the highest common divisor of 291048 and 15408168.
4344
What is the highest common divisor of 148285149 and 795?
159
What is the highest common divisor of 7031545 and 56653?
313
What is the highest common factor of 348 and 6910874?
58
Calculate the highest common factor of 6470780 and 30.
10
Calculate the greatest common divisor of 384 and 85476.
12
Calculate the highest common divisor of 76804 and 12238422.
2954
What is the greatest common factor of 51468610 and 40?
10
What is the highest common divisor of 40 and 11329610?
10
What is the highest common factor of 668241 and 252?
63
Calculate the greatest common factor of 72523471 and 8180.
409
Calculate the highest common factor of 368 and 2086976.
16
What is the greatest common divisor of 694 and 720590957?
347
Calculate the greatest common divisor of 16507772 and 4292.
148
What is the highest common divisor of 1200 and 1834575?
75
Calculate the highest common factor of 357705 and 11529.
9
Calculate the greatest common factor of 190119515 and 485.
485
Calculate the highest common divisor of 101357594 and 65.
13
Calculate the highest common divisor of 310636984 and 56.
56
What is the highest common factor of 98140104 and 9288?
3096
Calculate the highest common divisor of 5190 and 260760.
30
Calculate the greatest common factor of 44 and 28471762.
22
What is the greatest common divisor of 7730 and 63662734?
1546
Calculate the highest common divisor of 14021880 and 12.
12
Calculate the highest common factor of 310751 and 7327.
431
What is the highest common divisor of 37 and 275809211?
37
Calculate the greatest common divisor of 40947 and 177.
3
Calculate the highest common divisor of 45 and 105538365.
45
What is the highest common divisor of 1023052212 and 273?
273
What is the highest common factor of 194061358 and 170?
34
Calculate the greatest common divisor of 2430 and 260710.
10
What is the greatest common factor of 72 and 71845616?
8
Calculate the greatest common factor of 8554754 and 65.
13
What is the greatest common divisor of 39187 and 41273?
149
Calculate the highest common divisor of 30797 and 182965.
23
What is the highest common factor of 4200 and 23005710?
210
Calculate the highest common divisor of 24631453 and 6545.
1309
What is the highest common divisor of 5998634 and 1498?
214
What is the greatest common divisor of 5408906 and 2378?
58
Calculate the highest common factor of 144 and 200954880.
144
Calculate the highest common divisor of 1852596 and 108.
36
Calculate the greatest common factor of 3855681 and 1514417.
1763
What is the greatest common divisor of 432393 and 12441?
39
Calculate the greatest common divisor of 237 and 47169.
3
What is the highest common divisor of 216 and 1528584?
24
Calculate the greatest common factor of 254935 and 65325.
335
Calculate the highest common divisor of 75594253 and 3633.
1211
What is the highest common divisor of 208250 and 14688000?
4250
What is the greatest common divisor of 2944 and 3529304?
184
Calculate the greatest common divisor of 1312296 and 66.
6
Calculate the greatest common factor of 1785 and 97427085.
1785
What is the greatest common factor of 16 and 236725696?
16
Calculate the greatest common factor of 6942 and 693933.
267
Calculate the greatest common factor of 14 and 319544883.
7
What is the highest common divisor of 28307346 and 7449?
573
What is the highest common divisor of 283376 and 1455088?
3184
What is the highest common factor of 2414194452 and 36?
36
Calculate the highest common divisor of 1628 and 492174.
74
What is the greatest common factor of 52681 and 453279?
139
Calculate the highest common divisor of 190138572 and 7704.
3852
Calculate the highest common factor of 114399 and 23769.
171
What is the greatest common divisor of 38 and 135579953?
19
What is the highest common divisor of 204728 and 2833536?
1256
Calculate the highest common divisor of 3296303822 and 2149.
2149
What is the greatest common divisor of 164973 and 97282?
127
Calculate the highest common divisor of 36899112 and 12.
12
Calculate the highest common factor of 40740363 and 18.
9
Calculate the greatest common factor of 740 and 14125490.
370
Calculate the highest common factor of 180 and 290806515.
45
Calculate the greatest common factor of 36 and 989721.
9
Calculate the highest common factor of 2964311 and 39347.
511
Calculate the highest common factor of 18283852 and 4068.
452
Calculate the highest common divisor of 45 and 1858711845.
15
Calculate the greatest common factor of 90327320 and 40.
40
What is the greatest common divisor of 1175250 and 219750?
750
What is the highest common divisor of 468351 and 585?
117
What is the highest common divisor of 32 and 101355824?
16
Calculate the highest common divisor of 28016040 and 102.
6
What is the greatest common factor of 2461374 and 6156?
1026
What is the highest common factor of 73320 and 530280?
120
What is the greatest common factor of 729722484 and 1530?
306
What is the greatest common divisor of 405 and 900619020?
135
What is the greatest common factor of 311711181 and 6?
3
What is the highest common factor of 53958 and 35